me factors of 3514773220?
2, 5, 7, 25105523
List the prime factors of 61262002.
2, 30631001
List the prime factors of 58373929.
58373929
What are the prime factors of 488893?
488893
List the prime factors of 406468718.
2, 13597, 14947
What are the prime factors of 621438249?
3, 207146083
What are the prime factors of 1225470941?
971, 1262071
List the prime factors of 7785110240.
2, 5, 71, 401, 1709
What are the prime factors of 2492776422?
2, 3, 97, 1427707
What are the prime factors of 181510659?
3, 11, 611147
List the prime factors of 4138785167.
11, 17, 2017, 10973
What are the prime factors of 299757426?
2, 3, 2657, 18803
What are the prime factors of 132693167?
132693167
What are the prime factors of 245555248?
2, 15347203
List the prime factors of 187509529.
187509529
List the prime factors of 436460662.
2, 11, 41, 173, 2797
What are the prime factors of 734831342?
2, 7, 1187, 6317
List the prime factors of 33462310.
2, 5, 7, 101, 4733
List the prime factors of 1436698106.
2, 29, 24770657
List the prime factors of 7228898373.
3, 881, 1571, 1741
List the prime factors of 41183313.
3, 13727771
List the prime factors of 650144980.
2, 5, 32507249
What are the prime factors of 158234305?
5, 61, 518801
What are the prime factors of 342612556?
2, 11, 13, 598973
What are the prime factors of 47401241?
347, 136603
List the prime factors of 5890617492.
2, 3, 23, 21342817
What are the prime factors of 91570825?
5, 3662833
What are the prime factors of 2277281867?
7, 173, 1880497
What are the prime factors of 3403455540?
2, 3, 5, 56724259
What are the prime factors of 138236199?
3, 547, 84239
What are the prime factors of 3806103290?
2, 5, 11, 43, 113, 7121
What are the prime factors of 290293935?
3, 5, 19352929
What are the prime factors of 3172222433?
10009, 316937
What are the prime factors of 34276857?
3, 307, 37217
List the prime factors of 357926667.
3, 7, 23, 47, 15767
What are the prime factors of 2089295736?
2, 3, 11, 1061, 7459
List the prime factors of 670588377.
3, 223529459
What are the prime factors of 99306786?
2, 3, 16551131
List the prime factors of 1155067878.
2, 3, 163, 1181051
List the prime factors of 26551668.
2, 3, 11, 13, 15473
What are the prime factors of 67686613?
41, 1213, 1361
What are the prime factors of 253858261?
253858261
What are the prime factors of 60914817?
3, 19, 101, 3527
What are the prime factors of 128889551?
7, 2630399
What are the prime factors of 536348662?
2, 313, 856787
List the prime factors of 2069095803.
3, 1433, 481297
List the prime factors of 1065199681.
7, 13, 47, 757
What are the prime factors of 33931364?
2, 1499, 5659
List the prime factors of 3444090181.
7, 9733, 50551
What are the prime factors of 41458219?
11, 3768929
List the prime factors of 46166779.
41, 523, 2153
List the prime factors of 1099351747.
13, 84565519
What are the prime factors of 14812092?
2, 3, 23, 67, 89
What are the prime factors of 114795231?
3, 23, 113, 14723
What are the prime factors of 2126254067?
7, 23, 43, 307129
List the prime factors of 8831552.
2, 137993
List the prime factors of 72709089.
3, 24236363
List the prime factors of 213362807.
7, 622049
List the prime factors of 557704193.
17, 32806129
List the prime factors of 4881392123.
4881392123
What are the prime factors of 2814676004?
2, 7, 71, 1415833
What are the prime factors of 129398943?
3, 23, 47, 39901
List the prime factors of 18738538.
2, 7, 13, 149, 691
List the prime factors of 30674303.
11, 19, 146767
List the prime factors of 683816995.
5, 136763399
List the prime factors of 26007336.
2, 3, 361213
What are the prime factors of 51077774?
2, 11, 139, 16703
What are the prime factors of 153929737?
13, 607, 19507
List the prime factors of 2764379349.
3, 307153261
What are the prime factors of 4984776515?
5, 41, 151, 161033
List the prime factors of 1949836066.
2, 157, 6209669
List the prime factors of 4160098945.
5, 1153, 721613
List the prime factors of 2903044555.
5, 59, 211, 46639
List the prime factors of 169196709.
3, 11, 41, 125053
List the prime factors of 44233168.
2, 7, 463, 853
What are the prime factors of 1543007171?
277, 5570423
What are the prime factors of 471247196?
2, 7, 19, 885803
What are the prime factors of 2160639072?
2, 3, 17, 441307
List the prime factors of 39920563.
2203, 18121
List the prime factors of 262978483.
262978483
List the prime factors of 5198147987.
17, 83, 1567, 2351
What are the prime factors of 268706227?
19, 197, 71789
List the prime factors of 7067785198.
2, 283, 12487253
List the prime factors of 2502427298.
2, 7, 47, 59, 73, 883
List the prime factors of 83541339.
3, 7, 1326053
What are the prime factors of 111894078?
2, 3, 19, 981527
What are the prime factors of 1123186109?
3319, 338411
What are the prime factors of 134064483?
3, 7, 131, 48733
List the prime factors of 1326357447.
3, 442119149
List the prime factors of 703740550.
2, 5, 14074811
List the prime factors of 940908441.
3, 11, 28512377
What are the prime factors of 1212524469?
3, 13, 79, 10091
What are the prime factors of 122970163?
17, 127, 56957
List the prime factors of 875256178.
2, 437628089
List the prime factors of 31004418.
2, 3, 5167403
List the prime factors of 286180991.
499, 573509
What are the prime factors of 155189838?
2, 3, 17, 41, 43, 863
What are the prime factors of 180327928?
2, 11, 79, 25939
List the prime factors of 278752794.
2, 3, 46458799
List the prime factors of 26221022.
2, 13110511
List the prime factors of 61704943.
61704943
What are the prime factors of 1257310178?
2, 59, 311, 34261
List the prime factors of 1189109201.
7, 277, 491, 1249
What are the prime factors of 928386958?
2, 47, 151, 65407
List the prime factors of 4194993227.
21011, 199657
What are the prime factors of 1050821907?
3, 23, 2011, 7573
What are the prime factors of 55841?
19, 2939
What are the prime factors of 77743387?
3931, 19777
What are the prime factors of 423606946?
2, 7, 239, 126601
What are the prime factors of 77862817?
19, 4098043
What are the prime factors of 267675048?
2, 3, 101, 36809
What are the prime factors of 428233446?
2, 3, 59, 257, 523
What are the prime factors of 578428880?
2, 5, 293, 24677
What are the prime factors of 102733629?
3, 34244543
What are the prime factors of 415521360?
2, 3, 5, 47, 4093
What are the prime factors of 30534533?
17, 97, 18517
What are the prime factors of 196052810?
2, 5, 199, 98519
List the prime factors of 47368080.
2, 3, 5, 65789
List the prime factors of 19454560.
2, 5, 121591
What are the prime factors of 781660?
2, 5, 11, 17, 19
List the prime factors of 273667456.
2, 41, 52147
List the prime factors of 1604193372.
2, 3, 17, 61, 97, 443
What are the prime factors of 272410504?
2, 43, 791891
What are the prime factors of 814479391?
11, 41, 1805941
List the prime factors of 951943298.
2, 499, 953851
List the prime factors of 77719750.
2, 5, 17, 18287
What are the prime factors of 37642222?
2, 18821111
List the prime factors of 280708545.
3, 5, 13, 29, 49639
What are the prime factors of 1506947193?
3, 55812859
List the prime factors of 114118347.
3, 7, 31, 307, 571
List the prime factors of 43298361.
3, 83, 139
List the prime factors of 2202092967.
3, 31, 3733, 6343
What are the prime factors of 16789723?
457, 36739
What are the prime factors of 39596162?
2, 17, 1164593
What are the prime factors of 2155538937?
3, 79, 383, 23747
List the prime factors of 257474046.
2, 3, 37, 61, 19013
List the prime factors of 797002744.
2, 439, 226937
What are the prime factors of 7018405095?
3, 5, 13, 3251, 11071
What are the prime factors of 4437460854?
2, 3, 197, 417133
List the prime factors of 1433901275.
5, 57356051
List the prime factors of 8433951733.
113, 199, 375059
List the prime factors of 6382805.
5, 11, 13, 79, 113
List the prime factors of 494939626.
2, 19, 137, 95071
What are the prime factors of 102624585?
3, 5, 7, 101, 9677
List the prime factors of 2433459194.
2, 29, 41956193
List the prime factors of 887517818.
2, 11, 3667429
List the prime factors of 242435927.
242435927
List the prime factors of 18545582.
2, 11, 842981
List the prime factors of 145919470.
2, 5, 14591947
List the prime factors of 1022155596.
2, 3, 7, 11, 368743
What are the prime factors of 9397132?
2, 149, 1576